 the greatest common factor of q and 118?
118
Suppose 0 = 5*z + 12*o - 11*o - 145793, -o = 7. Calculate the highest common divisor of 8 and z.
8
Suppose 0 = -10*o - 19 + 59. Suppose 0 = -3*h - s - 10 + 17, 0 = 4*h + 2*s - 6. What is the highest common factor of h and o?
4
Suppose 4*l - 469 = -3*m + 249, -2*l + 320 = -5*m. Calculate the greatest common divisor of l and 2200.
25
Suppose -c - 9 = 3*m, -4 = -3*m + 4*m. Let b be 20*16/(-192)*9*-1. Calculate the highest common factor of c and b.
3
Let h = -22 - -31. Let p = 289 + -217. Suppose k = -h + p. What is the highest common factor of k and 21?
21
Let t(q) = -3*q - 20. Let u be t(7). Let i = u + 35. Let w be (171/6)/3 + i/(-12). Calculate the highest common divisor of w and 130.
10
Suppose 0 = -3*b + 6*b + 69. Let i = 29 + b. Let a(n) = 3*n - 10. Let q be a(i). What is the greatest common divisor of q and 20?
4
Let s be (-2)/(-4)*(-64740)/(-36) + (-4)/24. What is the highest common divisor of 203 and s?
29
Suppose -3*t - 4*u + 4565 = 0, -14*u + 9*u + 6086 = 4*t. Calculate the greatest common factor of 7 and t.
7
Suppose -14*w + 9*w + 55 = 0. Suppose -y = -0*y - w. Let p be (-3 - (-1 - 1))*1*-33. Calculate the greatest common divisor of p and y.
11
Let j(a) be the second derivative of -155*a**3/6 + 10*a**2 - 26*a. Let v be j(-8). Suppose 2*r - v = -12*r. Calculate the highest common factor of r and 30.
30
Suppose -2*t - 10 = 0, -4*v = 5*t - 2*t - 33. Calculate the highest common factor of v and 372.
12
Let b be -43 - 2/(3 - 1). Let s = 1706 + -1652. Let y = b + s. What is the highest common factor of y and 5?
5
Let q be (-51)/(-6) + 1/2. Suppose k = 2*f - 2 + 1, -4*k - 2*f = -16. Let w be 24 - 9 - (-4 + k + 1). What is the greatest common divisor of w and q?
3
Let d(j) = -j**3 + 21*j**2 + 24*j - 33. Let g be d(22). Suppose 6*q - g = 5*q. Suppose 1 = -y + q. What is the greatest common divisor of y and 50?
10
Suppose -4*s - 12 = -3*d - 3*s, -d + 2*s = 1. Let f(c) = c**2 - c + 4. Let t be f(d). Suppose -41*u = -40*u - t. What is the greatest common divisor of 3 and u?
3
Let c(h) = 5*h + 5. Let s be c(2). Suppose -s - 9 = -6*a. Suppose -4*q = -a*w + 27 - 271, -207 = -3*q - 5*w. Calculate the greatest common divisor of q and 8.
8
Suppose 2*z = -5*f - 2*z - 139, 5*z + 135 = -5*f. Let h = 4 - f. Let x(v) = 36*v - 1. Let t be x(1). Calculate the greatest common factor of h and t.
35
Let z be (-6 - -2) + -44 + 2. Let f be 2/(3 - z/(-16)). Suppose -13*l + 3*l = -160. What is the highest common factor of l and f?
16
Suppose 79*y - 51*y - 299712 = 0. Calculate the greatest common factor of 4 and y.
4
Let r be -12 + 6 - -1 - -281. Suppose -40*q + 240 = -35*q. What is the greatest common divisor of r and q?
12
Suppose -1165 - 383 = -43*f. Let k be (0/1)/((-2)/2). Suppose -8*m + 181 + 971 = k. Calculate the greatest common factor of m and f.
36
Let v = -363 + 377. Suppose 0 = v*n - 20*n + 228. Calculate the highest common factor of n and 2.
2
Let y = -157 + 147. Let w(n) = -5*n - 42. Let a be w(y). What is the greatest common divisor of 136 and a?
8
Let t = -173 + 96. Let n = -69 - t. Suppose -122 = -5*u + 3*h, 5*u + n*h - 5*h - 98 = 0. Calculate the greatest common divisor of u and 66.
22
Let x be (858/52)/((-1)/(-2)). What is the highest common factor of 3586 and x?
11
Let x = -31 - -61. Let n = x + -21. Suppose -n*y + 104 = -4. What is the highest common divisor of y and 12?
12
Suppose -2*t + 19*t + 58*t = 1125. Calculate the highest common divisor of t and 6495.
15
Let y(z) = -6*z - 1. Let a be y(-1). Suppose -a*q = 102 - 377. What is the greatest common divisor of q and 88?
11
Let x = 82 - 69. Suppose x*t - 10529 - 625 = 0. Calculate the greatest common factor of t and 66.
66
Suppose 6139 - 6051 = 11*u. Calculate the greatest common divisor of 268 and u.
4
Let g(x) = -x**3 + 86*x**2 - 296*x - 31. Let s be g(81). Calculate the highest common factor of s and 332.
166
Let v be ((-6)/10)/(3/(-15)). Suppose 131 = -3*b + 2*l, v*b = -5*l + 40 - 185. Let s be 141/27 - (-10)/b. Calculate the highest common factor of s and 2.
1
Suppose 4*v - 921*q - 133 = -920*q, -2*q + 22 = v. Calculate the highest common factor of v and 5296.
16
Suppose -286*g + 5*s + 41 = -282*g, g - 4*s = 24. Calculate the highest common divisor of 1458 and g.
2
Let h be 33/9 + -5 + 32/6. What is the highest common divisor of h and 1?
1
Let d = -24586 + 26422. Calculate the highest common divisor of d and 34.
34
Let t = -35 - -56. Let w be 3/(-9) + 6097/t. Suppose 367 = 3*n + 4*j, j = -2*n - 47 + w. Calculate the greatest common divisor of n and 11.
11
Let p(k) be the first derivative of 23/2*k**2 + 9 + 13*k. Let l be p(5). Calculate the highest common factor of l and 16.
16
Let o = -62 + 64. Suppose -2*p + 200 = 2*j - 0*j, 172 = o*p - 5*j. Suppose -14*g + 712 = p. Calculate the highest common factor of 4 and g.
4
Suppose -5*i = -4*s - 6900, -2041 = -3*i - 3*s + 2072. Calculate the highest common divisor of i and 288.
32
Let l(k) = -15*k + 39. Let m be l(-11). Let s be 3 + 1 + -3 - (-69 - -2). Calculate the highest common divisor of s and m.
68
Suppose 3*p - 313 = -t, -130*p = -131*p + t + 95. What is the highest common divisor of 10574 and p?
34
Let n = 12 + 3. Let h be (30/(-16))/(320/(-12800)). Calculate the greatest common divisor of n and h.
15
Suppose 140 = l + 4*j, -3*l = 4*j - 174 - 238. Let u be 7/4 - (-1032)/32. What is the highest common divisor of l and u?
34
Let c(z) = 16*z**2 - 32*z - 85. Let v be c(-3). What is the highest common factor of v and 589?
31
Let s be ((1 - 7) + 4)*3/(-1). Let y = 45 - 61. Let o be 3/(-3) + (y/4 - -8). Calculate the greatest common factor of s and o.
3
Let k = -7396 - -10682. What is the greatest common divisor of k and 53?
53
Suppose -19 = -5*y + 2*r + 12, -28 = -7*y + 5*r. What is the greatest common divisor of 4527 and y?
9
Let c(w) = w**2 - 5*w + 30. Let z be c(16). Suppose -4*d - z = -t + 186, -5*d + 374 = t. What is the greatest common divisor of t and 48?
48
Suppose 0 = 5*d + o - 1318, 2*d + 2*o = -181 + 713. Let i = d + -133. Calculate the greatest common factor of i and 13.
13
Suppose -f + 2*o - 282 = -6*f, -238 = -5*f - 13*o. What is the highest common divisor of f and 1363?
29
Suppose 7*j + 11*j - 432 = 0. Suppose 23*v = j*v - 34. Calculate the greatest common factor of v and 153.
17
Let p be 17 + 2553/(-148) - (2213/(-4) + 1). Calculate the highest common factor of 96 and p.
24
Let b be -11 - (14480/(-44) - (-1280)/(-1408)). Let g be (-33)/(-2)*12/9. What is the greatest common factor of b and g?
11
Let p = -2570 - -2595. What is the highest common divisor of p and 425?
25
Suppose 4*y = -5*z + 70, -291*y + 4*z + 6 = -288*y. Calculate the highest common factor of 3 and y.
1
Let k = -8758 - -11503. Calculate the highest common divisor of 90 and k.
45
Suppose 0 = 3*p - 152 - 208. Let z = p + -116. Suppose -t - 4 + 40 = 0. What is the highest common factor of t and z?
4
Suppose -4*h + 74 = 2*t + 3*t, -2 = -t. Let r = -110 - -145. Let m be (-3588)/(-28) - 5/r. Calculate the greatest common factor of h and m.
16
Let z = -10443 - -10511. What is the greatest common factor of 8 and z?
4
Let a(t) = 11*t**2 - 37*t**3 + 16*t + 4 + 36*t**3 - 11 - 18. Let c be a(12). Suppose 0 = 2*f - 6*f + 1012. What is the greatest common factor of c and f?
23
Let k be (18 - 13) + 11 + (2 - -2). Suppose 0 = -0*p - p + 2. Suppose -2*d + l = -100, p*d = 2*l - 27 + 127. Calculate the greatest common divisor of k and d.
10
Suppose d - 3*y = 91, 144*d - 145*d + 95 = -5*y. Let m be 1 - (1 + (0 - -60)). Let h = d + m. Calculate the highest common factor of 10 and h.
5
Let l = 277 - 237. Suppose 11*z - 117 + l = 0. What is the greatest common divisor of 21 and z?
7
Let o = 42 - 39. Suppose 155 = o*t - 4. Calculate the highest common factor of t and 106.
53
Suppose 0 = 4*g - l - 24 + 17, 3*g = -5*l + 11. Suppose g*h = -q - 31 + 125, -3*h + 140 = q. What is the greatest common divisor of 14 and h?
2
Let n = 3028 - 3022. Suppose -128 = -4*d + 76. Suppose 3 + d = n*x. Calculate the highest common factor of x and 144.
9
Let u(j) = 76*j + 4. Let h be u(1). Suppose -13*t = -12*t - i - 107, -3*i + 463 = 4*t. Calculate the greatest common divisor of h and t.
16
Let o be (-3 + (-7 - -1))*1. Let f = -8 - o. Suppose d - 3 + 1 = 0